{"id":341,"date":"2021-01-21T18:33:12","date_gmt":"2021-01-21T18:33:12","guid":{"rendered":"https:\/\/www.famous.pt\/site\/?page_id=341"},"modified":"2021-01-21T18:39:22","modified_gmt":"2021-01-21T18:39:22","slug":"noticias","status":"publish","type":"page","link":"https:\/\/www.famous.pt\/site\/noticias\/","title":{"rendered":"Not\u00edcias"},"content":{"rendered":"\r\n<div class=\"wpbaw-blog-grid-main wpbaw-blog-wrap wpbaw-clearfix design-2 wpbaw-grid-1 \">\r\n\t    <div class=\"wpbaw-blog-inr-wrap wpbaw-blog-inr-wrap\" id=\"wpbaw-blog-1\"><div class=\"wpbaw-blog-grid wpbaw-blog-inner-wrap wpbaw-medium-12 wpbaw-column  wpbaw-last wpbaw-post-2014\">\r\n\t<div class=\"wpbaw-blog-grid-content \">\r\n\t\t\t\t\t<div class=\"wpbaw-blog-image-bg\" style=\"\">\r\n\t\t\t\t<a href=\"https:\/\/www.famous.pt\/site\/blog-post\/atribuicao-do-premio-empresa-aplauso-2023\/\" target=\"_self\">\r\n\t\t\t\t\t<img decoding=\"async\" class=\"wpbaw-slider-img\" src=\"https:\/\/www.famous.pt\/site\/wp-content\/uploads\/2024\/04\/348600040_252142867498393_7513493108668132987_n-1024x724.jpg\" alt=\"Atribui\u00e7\u00e3o do Pr\u00e9mio \u201cEMPRESA APLAUSO 2023\u201d\" \/>\r\n\t\t\t\t<\/a>\r\n\t\t\t<\/div>\r\n\t\t\r\n\t\t<div class=\"wpbaw-content-above-image\">\t\r\n\t\t\t\t\t\t\t<h2 class=\"wpbaw-blog-title\">\r\n\t\t\t\t\t<a href=\"https:\/\/www.famous.pt\/site\/blog-post\/atribuicao-do-premio-empresa-aplauso-2023\/\" target=\"_self\">Atribui\u00e7\u00e3o do Pr\u00e9mio \u201cEMPRESA APLAUSO 2023\u201d<\/a>\r\n\t\t\t\t<\/h2>\r\n\t\t\t\t\t\t\t<div class=\"wpbaw-blog-date\">\r\n\t\t\t\t\tAbril 15, 2023\t\t\t\t<\/div>\r\n\t\t\t\t\t\t\t<div class=\"wpbaw-blog-content\">\r\n\r\n\t\t\t\t\t\t\t\t\t\t\t<div class=\"wpbaw-blog-short-content\">Atribui\u00e7\u00e3o do Pr\u00e9mio \u201cEMPRESA APLAUSO 2023\u201d\u00c9 uma enorme honra termos sido considerados merecedores da atribui\u00e7\u00e3o do pr\u00e9mio \u201cEMPRESA APLAUSO 2023\u201d...<\/div>\r\n\t\t\t\t\t\t\t\t\t\t\t\t\t<a class=\"readmorebtn\" href=\"https:\/\/www.famous.pt\/site\/blog-post\/atribuicao-do-premio-empresa-aplauso-2023\/\" target=\"_self\">Ler not\u00edcia completa<\/a>\r\n\t\t\t\t\t\t\r\n\t\t\t\t<\/div>\r\n\t\t\t\t\t<\/div>\r\n\t<\/div>\r\n<\/div><div class=\"wpbaw-blog-grid wpbaw-blog-inner-wrap wpbaw-medium-12 wpbaw-column  wpbaw-last wpbaw-post-1021\">\r\n\t<div class=\"wpbaw-blog-grid-content \">\r\n\t\t\t\t\t<div class=\"wpbaw-blog-image-bg\" style=\"\">\r\n\t\t\t\t<a href=\"https:\/\/www.famous.pt\/site\/blog-post\/atribuicao-do-premio-empresa-aplauso-2022\/\" target=\"_self\">\r\n\t\t\t\t\t<img decoding=\"async\" class=\"wpbaw-slider-img\" src=\"https:\/\/www.famous.pt\/site\/wp-content\/uploads\/2022\/03\/Sem-titulo-1.png\" alt=\"Atribui\u00e7\u00e3o do Pr\u00e9mio \u201cEMPRESA APLAUSO 2022\u201d\" \/>\r\n\t\t\t\t<\/a>\r\n\t\t\t<\/div>\r\n\t\t\r\n\t\t<div class=\"wpbaw-content-above-image\">\t\r\n\t\t\t\t\t\t\t<h2 class=\"wpbaw-blog-title\">\r\n\t\t\t\t\t<a href=\"https:\/\/www.famous.pt\/site\/blog-post\/atribuicao-do-premio-empresa-aplauso-2022\/\" target=\"_self\">Atribui\u00e7\u00e3o do Pr\u00e9mio \u201cEMPRESA APLAUSO 2022\u201d<\/a>\r\n\t\t\t\t<\/h2>\r\n\t\t\t\t\t\t\t<div class=\"wpbaw-blog-date\">\r\n\t\t\t\t\tMar\u00e7o 18, 2022\t\t\t\t<\/div>\r\n\t\t\t\t\t\t\t<div class=\"wpbaw-blog-content\">\r\n\r\n\t\t\t\t\t\t\t\t\t\t\t<div class=\"wpbaw-blog-short-content\">\u00c9 uma enorme honra termos sido considerados merecedores da atribui\u00e7\u00e3o do pr\u00e9mio \u201cEMPRESA APLAUSO 2022\u201d institu\u00eddo pelo maior Banco privado...<\/div>\r\n\t\t\t\t\t\t\t\t\t\t\t\t\t<a class=\"readmorebtn\" href=\"https:\/\/www.famous.pt\/site\/blog-post\/atribuicao-do-premio-empresa-aplauso-2022\/\" target=\"_self\">Ler not\u00edcia completa<\/a>\r\n\t\t\t\t\t\t\r\n\t\t\t\t<\/div>\r\n\t\t\t\t\t<\/div>\r\n\t<\/div>\r\n<\/div><div class=\"wpbaw-blog-grid wpbaw-blog-inner-wrap wpbaw-medium-12 wpbaw-column  wpbaw-last wpbaw-post-596\">\r\n\t<div class=\"wpbaw-blog-grid-content \">\r\n\t\t\t\t\t<div class=\"wpbaw-blog-image-bg\" style=\"\">\r\n\t\t\t\t<a href=\"https:\/\/www.famous.pt\/site\/blog-post\/ponte-reforca-a-sua-equipa-quer-dar-continuidade-ao-trabalho-dos-ultimos-anos\/\" target=\"_self\">\r\n\t\t\t\t\t<img decoding=\"async\" class=\"wpbaw-slider-img\" src=\"https:\/\/www.famous.pt\/site\/wp-content\/uploads\/2021\/08\/226206678_1969992103156308_8708451076269956096_n.jpg\" alt=\"Ponte refor\u00e7a a sua Equipa! Quer dar continuidade ao trabalho dos \u00faltimos anos.\" \/>\r\n\t\t\t\t<\/a>\r\n\t\t\t<\/div>\r\n\t\t\r\n\t\t<div class=\"wpbaw-content-above-image\">\t\r\n\t\t\t\t\t\t\t<h2 class=\"wpbaw-blog-title\">\r\n\t\t\t\t\t<a href=\"https:\/\/www.famous.pt\/site\/blog-post\/ponte-reforca-a-sua-equipa-quer-dar-continuidade-ao-trabalho-dos-ultimos-anos\/\" target=\"_self\">Ponte refor\u00e7a a sua Equipa! Quer dar continuidade ao trabalho dos \u00faltimos anos.<\/a>\r\n\t\t\t\t<\/h2>\r\n\t\t\t\t\t\t\t<div class=\"wpbaw-blog-date\">\r\n\t\t\t\t\tAgosto 24, 2021\t\t\t\t<\/div>\r\n\t\t\t\t\t\t\t<div class=\"wpbaw-blog-content\">\r\n\r\n\t\t\t\t\t\t\t\t\t\t\t<div class=\"wpbaw-blog-short-content\">O CD Ponte renovou com 14 jogadores e manteve o mesmo treinador numa aposta clara na continuidade do trabalho desenvolvido...<\/div>\r\n\t\t\t\t\t\t\t\t\t\t\t\t\t<a class=\"readmorebtn\" href=\"https:\/\/www.famous.pt\/site\/blog-post\/ponte-reforca-a-sua-equipa-quer-dar-continuidade-ao-trabalho-dos-ultimos-anos\/\" target=\"_self\">Ler not\u00edcia completa<\/a>\r\n\t\t\t\t\t\t\r\n\t\t\t\t<\/div>\r\n\t\t\t\t\t<\/div>\r\n\t<\/div>\r\n<\/div><div class=\"wpbaw-blog-grid wpbaw-blog-inner-wrap wpbaw-medium-12 wpbaw-column  wpbaw-last wpbaw-post-594\">\r\n\t<div class=\"wpbaw-blog-grid-content \">\r\n\t\t\t\t\t<div class=\"wpbaw-blog-image-bg\" style=\"\">\r\n\t\t\t\t<a href=\"https:\/\/www.famous.pt\/site\/blog-post\/cd-ponte-organizou-torneio-solidario-e-foi-um-sucesso\/\" target=\"_self\">\r\n\t\t\t\t\t<img decoding=\"async\" class=\"wpbaw-slider-img\" src=\"https:\/\/www.famous.pt\/site\/wp-content\/uploads\/2021\/08\/Sem-titulo-1-1-1024x624.jpg\" alt=\"CD Ponte organizou torneio solid\u00e1rio e foi um sucesso!\" \/>\r\n\t\t\t\t<\/a>\r\n\t\t\t<\/div>\r\n\t\t\r\n\t\t<div class=\"wpbaw-content-above-image\">\t\r\n\t\t\t\t\t\t\t<h2 class=\"wpbaw-blog-title\">\r\n\t\t\t\t\t<a href=\"https:\/\/www.famous.pt\/site\/blog-post\/cd-ponte-organizou-torneio-solidario-e-foi-um-sucesso\/\" target=\"_self\">CD Ponte organizou torneio solid\u00e1rio e foi um sucesso!<\/a>\r\n\t\t\t\t<\/h2>\r\n\t\t\t\t\t\t\t<div class=\"wpbaw-blog-date\">\r\n\t\t\t\t\tAgosto 24, 2021\t\t\t\t<\/div>\r\n\t\t\t\t\t\t\t<div class=\"wpbaw-blog-content\">\r\n\r\n\t\t\t\t\t\t\t\t\t\t\t<div class=\"wpbaw-blog-short-content\">O Ponte CUP 2021 tinha como principal meta a vertente solid\u00e1ria e o objetivo os clubes organizadores (Ponte e Ber\u00e7o)...<\/div>\r\n\t\t\t\t\t\t\t\t\t\t\t\t\t<a class=\"readmorebtn\" href=\"https:\/\/www.famous.pt\/site\/blog-post\/cd-ponte-organizou-torneio-solidario-e-foi-um-sucesso\/\" target=\"_self\">Ler not\u00edcia completa<\/a>\r\n\t\t\t\t\t\t\r\n\t\t\t\t<\/div>\r\n\t\t\t\t\t<\/div>\r\n\t<\/div>\r\n<\/div><div class=\"wpbaw-blog-grid wpbaw-blog-inner-wrap wpbaw-medium-12 wpbaw-column  wpbaw-last wpbaw-post-591\">\r\n\t<div class=\"wpbaw-blog-grid-content \">\r\n\t\t\t\t\t<div class=\"wpbaw-blog-image-bg\" style=\"\">\r\n\t\t\t\t<a href=\"https:\/\/www.famous.pt\/site\/blog-post\/ponte-apresenta-rui-tata\/\" target=\"_self\">\r\n\t\t\t\t\t<img decoding=\"async\" class=\"wpbaw-slider-img\" src=\"https:\/\/www.famous.pt\/site\/wp-content\/uploads\/2021\/08\/Sem-titulo-1-1024x529.jpg\" alt=\"CD Ponte apresenta Rui Tat\u00e1 como Diretor T\u00e9cnico\" \/>\r\n\t\t\t\t<\/a>\r\n\t\t\t<\/div>\r\n\t\t\r\n\t\t<div class=\"wpbaw-content-above-image\">\t\r\n\t\t\t\t\t\t\t<h2 class=\"wpbaw-blog-title\">\r\n\t\t\t\t\t<a href=\"https:\/\/www.famous.pt\/site\/blog-post\/ponte-apresenta-rui-tata\/\" target=\"_self\">CD Ponte apresenta Rui Tat\u00e1 como Diretor T\u00e9cnico<\/a>\r\n\t\t\t\t<\/h2>\r\n\t\t\t\t\t\t\t<div class=\"wpbaw-blog-date\">\r\n\t\t\t\t\tAgosto 24, 2021\t\t\t\t<\/div>\r\n\t\t\t\t\t\t\t<div class=\"wpbaw-blog-content\">\r\n\r\n\t\t\t\t\t\t\t\t\t\t\t<div class=\"wpbaw-blog-short-content\">Rui T\u00e1t\u00e1 assume a dire\u00e7\u00e3o t\u00e9cnica do futebol de forma\u00e7\u00e3o do CD Ponte, ficando respons\u00e1vel pela rela\u00e7\u00e3o pedag\u00f3gica e metodol\u00f3gica,...<\/div>\r\n\t\t\t\t\t\t\t\t\t\t\t\t\t<a class=\"readmorebtn\" href=\"https:\/\/www.famous.pt\/site\/blog-post\/ponte-apresenta-rui-tata\/\" target=\"_self\">Ler not\u00edcia completa<\/a>\r\n\t\t\t\t\t\t\r\n\t\t\t\t<\/div>\r\n\t\t\t\t\t<\/div>\r\n\t<\/div>\r\n<\/div><div class=\"wpbaw-blog-grid wpbaw-blog-inner-wrap wpbaw-medium-12 wpbaw-column  wpbaw-last wpbaw-post-344\">\r\n\t<div class=\"wpbaw-blog-grid-content \">\r\n\t\t\t\t\t<div class=\"wpbaw-blog-image-bg\" style=\"\">\r\n\t\t\t\t<a href=\"https:\/\/www.famous.pt\/site\/blog-post\/a-famous-investimentos-e-patrocinadora-do-clube-desportivo-de-ponte\/\" target=\"_self\">\r\n\t\t\t\t\t<img decoding=\"async\" class=\"wpbaw-slider-img\" src=\"https:\/\/www.famous.pt\/site\/wp-content\/uploads\/2021\/01\/patrociniocdponte.png\" alt=\"A Famous Investimentos \u00e9 patrocinadora do Clube Desportivo de Ponte\" \/>\r\n\t\t\t\t<\/a>\r\n\t\t\t<\/div>\r\n\t\t\r\n\t\t<div class=\"wpbaw-content-above-image\">\t\r\n\t\t\t\t\t\t\t<h2 class=\"wpbaw-blog-title\">\r\n\t\t\t\t\t<a href=\"https:\/\/www.famous.pt\/site\/blog-post\/a-famous-investimentos-e-patrocinadora-do-clube-desportivo-de-ponte\/\" target=\"_self\">A Famous Investimentos \u00e9 patrocinadora do Clube Desportivo de Ponte<\/a>\r\n\t\t\t\t<\/h2>\r\n\t\t\t\t\t\t\t<div class=\"wpbaw-blog-date\">\r\n\t\t\t\t\tJaneiro 21, 2021\t\t\t\t<\/div>\r\n\t\t\t\t\t\t\t<div class=\"wpbaw-blog-content\">\r\n\r\n\t\t\t\t\t\t\t\t\t\t\t<div class=\"wpbaw-blog-short-content\">A Famous Investimentos e o Clube Desportivo de Ponte assinaram um acordo no qual a Famous Investimentos patrocina todos os...<\/div>\r\n\t\t\t\t\t\t\t\t\t\t\t\t\t<a class=\"readmorebtn\" href=\"https:\/\/www.famous.pt\/site\/blog-post\/a-famous-investimentos-e-patrocinadora-do-clube-desportivo-de-ponte\/\" target=\"_self\">Ler not\u00edcia completa<\/a>\r\n\t\t\t\t\t\t\r\n\t\t\t\t<\/div>\r\n\t\t\t\t\t<\/div>\r\n\t<\/div>\r\n<\/div>  \r\n    <\/div>\r\n    <\/div>\n","protected":false},"excerpt":{"rendered":"","protected":false},"author":1,"featured_media":0,"parent":0,"menu_order":0,"comment_status":"closed","ping_status":"closed","template":"","meta":{"ngg_post_thumbnail":0,"footnotes":""},"class_list":["post-341","page","type-page","status-publish","hentry"],"yoast_head":"<!-- This site is optimized with the Yoast SEO plugin v24.9 - https:\/\/yoast.com\/wordpress\/plugins\/seo\/ -->\n<title>Not\u00edcias - Famous - Investimentos<\/title>\n<meta name=\"robots\" content=\"index, follow, max-snippet:-1, max-image-preview:large, max-video-preview:-1\" \/>\n<link rel=\"canonical\" href=\"https:\/\/www.famous.pt\/site\/noticias\/\" \/>\n<meta property=\"og:locale\" content=\"pt_PT\" \/>\n<meta property=\"og:type\" content=\"article\" \/>\n<meta property=\"og:title\" content=\"Not\u00edcias - Famous - Investimentos\" \/>\n<meta property=\"og:url\" content=\"https:\/\/www.famous.pt\/site\/noticias\/\" \/>\n<meta property=\"og:site_name\" content=\"Famous - Investimentos\" \/>\n<meta property=\"article:modified_time\" content=\"2021-01-21T18:39:22+00:00\" \/>\n<meta name=\"twitter:card\" content=\"summary_large_image\" \/>\n<script type=\"application\/ld+json\" class=\"yoast-schema-graph\">{\"@context\":\"https:\/\/schema.org\",\"@graph\":[{\"@type\":\"WebPage\",\"@id\":\"https:\/\/www.famous.pt\/site\/noticias\/\",\"url\":\"https:\/\/www.famous.pt\/site\/noticias\/\",\"name\":\"Not\u00edcias - Famous - Investimentos\",\"isPartOf\":{\"@id\":\"https:\/\/www.famous.pt\/site\/#website\"},\"datePublished\":\"2021-01-21T18:33:12+00:00\",\"dateModified\":\"2021-01-21T18:39:22+00:00\",\"breadcrumb\":{\"@id\":\"https:\/\/www.famous.pt\/site\/noticias\/#breadcrumb\"},\"inLanguage\":\"pt-PT\",\"potentialAction\":[{\"@type\":\"ReadAction\",\"target\":[\"https:\/\/www.famous.pt\/site\/noticias\/\"]}]},{\"@type\":\"BreadcrumbList\",\"@id\":\"https:\/\/www.famous.pt\/site\/noticias\/#breadcrumb\",\"itemListElement\":[{\"@type\":\"ListItem\",\"position\":1,\"name\":\"In\u00edcio\",\"item\":\"https:\/\/www.famous.pt\/site\/\"},{\"@type\":\"ListItem\",\"position\":2,\"name\":\"Not\u00edcias\"}]},{\"@type\":\"WebSite\",\"@id\":\"https:\/\/www.famous.pt\/site\/#website\",\"url\":\"https:\/\/www.famous.pt\/site\/\",\"name\":\"Famous - Investimentos\",\"description\":\"\",\"publisher\":{\"@id\":\"https:\/\/www.famous.pt\/site\/#organization\"},\"potentialAction\":[{\"@type\":\"SearchAction\",\"target\":{\"@type\":\"EntryPoint\",\"urlTemplate\":\"https:\/\/www.famous.pt\/site\/?s={search_term_string}\"},\"query-input\":{\"@type\":\"PropertyValueSpecification\",\"valueRequired\":true,\"valueName\":\"search_term_string\"}}],\"inLanguage\":\"pt-PT\"},{\"@type\":\"Organization\",\"@id\":\"https:\/\/www.famous.pt\/site\/#organization\",\"name\":\"Famous - Investimentos\",\"url\":\"https:\/\/www.famous.pt\/site\/\",\"logo\":{\"@type\":\"ImageObject\",\"inLanguage\":\"pt-PT\",\"@id\":\"https:\/\/www.famous.pt\/site\/#\/schema\/logo\/image\/\",\"url\":\"https:\/\/www.famous.pt\/site\/wp-content\/uploads\/2022\/11\/cropped-cropped-Famous-1.png\",\"contentUrl\":\"https:\/\/www.famous.pt\/site\/wp-content\/uploads\/2022\/11\/cropped-cropped-Famous-1.png\",\"width\":1882,\"height\":1071,\"caption\":\"Famous - Investimentos\"},\"image\":{\"@id\":\"https:\/\/www.famous.pt\/site\/#\/schema\/logo\/image\/\"}}]}<\/script>\n<!-- \/ Yoast SEO plugin. -->","yoast_head_json":{"title":"Not\u00edcias - Famous - Investimentos","robots":{"index":"index","follow":"follow","max-snippet":"max-snippet:-1","max-image-preview":"max-image-preview:large","max-video-preview":"max-video-preview:-1"},"canonical":"https:\/\/www.famous.pt\/site\/noticias\/","og_locale":"pt_PT","og_type":"article","og_title":"Not\u00edcias - Famous - Investimentos","og_url":"https:\/\/www.famous.pt\/site\/noticias\/","og_site_name":"Famous - Investimentos","article_modified_time":"2021-01-21T18:39:22+00:00","twitter_card":"summary_large_image","schema":{"@context":"https:\/\/schema.org","@graph":[{"@type":"WebPage","@id":"https:\/\/www.famous.pt\/site\/noticias\/","url":"https:\/\/www.famous.pt\/site\/noticias\/","name":"Not\u00edcias - Famous - Investimentos","isPartOf":{"@id":"https:\/\/www.famous.pt\/site\/#website"},"datePublished":"2021-01-21T18:33:12+00:00","dateModified":"2021-01-21T18:39:22+00:00","breadcrumb":{"@id":"https:\/\/www.famous.pt\/site\/noticias\/#breadcrumb"},"inLanguage":"pt-PT","potentialAction":[{"@type":"ReadAction","target":["https:\/\/www.famous.pt\/site\/noticias\/"]}]},{"@type":"BreadcrumbList","@id":"https:\/\/www.famous.pt\/site\/noticias\/#breadcrumb","itemListElement":[{"@type":"ListItem","position":1,"name":"In\u00edcio","item":"https:\/\/www.famous.pt\/site\/"},{"@type":"ListItem","position":2,"name":"Not\u00edcias"}]},{"@type":"WebSite","@id":"https:\/\/www.famous.pt\/site\/#website","url":"https:\/\/www.famous.pt\/site\/","name":"Famous - Investimentos","description":"","publisher":{"@id":"https:\/\/www.famous.pt\/site\/#organization"},"potentialAction":[{"@type":"SearchAction","target":{"@type":"EntryPoint","urlTemplate":"https:\/\/www.famous.pt\/site\/?s={search_term_string}"},"query-input":{"@type":"PropertyValueSpecification","valueRequired":true,"valueName":"search_term_string"}}],"inLanguage":"pt-PT"},{"@type":"Organization","@id":"https:\/\/www.famous.pt\/site\/#organization","name":"Famous - Investimentos","url":"https:\/\/www.famous.pt\/site\/","logo":{"@type":"ImageObject","inLanguage":"pt-PT","@id":"https:\/\/www.famous.pt\/site\/#\/schema\/logo\/image\/","url":"https:\/\/www.famous.pt\/site\/wp-content\/uploads\/2022\/11\/cropped-cropped-Famous-1.png","contentUrl":"https:\/\/www.famous.pt\/site\/wp-content\/uploads\/2022\/11\/cropped-cropped-Famous-1.png","width":1882,"height":1071,"caption":"Famous - Investimentos"},"image":{"@id":"https:\/\/www.famous.pt\/site\/#\/schema\/logo\/image\/"}}]}},"_links":{"self":[{"href":"https:\/\/www.famous.pt\/site\/wp-json\/wp\/v2\/pages\/341","targetHints":{"allow":["GET"]}}],"collection":[{"href":"https:\/\/www.famous.pt\/site\/wp-json\/wp\/v2\/pages"}],"about":[{"href":"https:\/\/www.famous.pt\/site\/wp-json\/wp\/v2\/types\/page"}],"author":[{"embeddable":true,"href":"https:\/\/www.famous.pt\/site\/wp-json\/wp\/v2\/users\/1"}],"replies":[{"embeddable":true,"href":"https:\/\/www.famous.pt\/site\/wp-json\/wp\/v2\/comments?post=341"}],"version-history":[{"count":2,"href":"https:\/\/www.famous.pt\/site\/wp-json\/wp\/v2\/pages\/341\/revisions"}],"predecessor-version":[{"id":346,"href":"https:\/\/www.famous.pt\/site\/wp-json\/wp\/v2\/pages\/341\/revisions\/346"}],"wp:attachment":[{"href":"https:\/\/www.famous.pt\/site\/wp-json\/wp\/v2\/media?parent=341"}],"curies":[{"name":"wp","href":"https:\/\/api.w.org\/{rel}","templated":true}]}}